11 divide 2978547?
True
Is 230 a factor of 12363?
False
Is 17 a factor of 407536?
False
Is 3 a factor of 1980?
True
Is 2348610 a multiple of 86?
False
Is 22566462 a multiple of 183?
True
Does 72 divide 398291?
False
Does 58 divide 8755357?
False
Does 26 divide 479524?
False
Is 383 a factor of 7437094?
True
Is 37 a factor of 2294814?
True
Is 6592278 a multiple of 24?
False
Does 64 divide 258809?
False
Is 131 a factor of 198334?
True
Does 18 divide 1535297?
False
Is 686755 a multiple of 45?
False
Is 1436400 a multiple of 10?
True
Does 15 divide 5650560?
True
Is 401 a factor of 153991?
False
Does 13 divide 2561221?
True
Is 12 a factor of 248294?
False
Is 109385 a multiple of 38?
False
Is 104 a factor of 186415?
False
Does 983 divide 4134921?
False
Is 5700927 a multiple of 113?
False
Is 787875 a multiple of 33?
True
Is 81052 a multiple of 7?
False
Is 17 a factor of 526779?
True
Is 179 a factor of 94443?
False
Is 5 a factor of 1326000?
True
Is 260507 a multiple of 377?
True
Is 15 a factor of 211200?
True
Does 59 divide 817563?
True
Is 15 a factor of 6085500?
True
Is 6 a factor of 4139317?
False
Does 8 divide 443630?
False
Does 33 divide 681021?
True
Is 149 a factor of 2412608?
True
Does 14 divide 469714?
True
Does 327 divide 9860685?
True
Does 17 divide 392996?
False
Is 5 a factor of 13849962?
False
Is 100122 a multiple of 22?
True
Does 39 divide 220662?
True
Does 10 divide 2387594?
False
Is 4102160 a multiple of 235?
True
Does 6 divide 410262?
True
Does 962 divide 4712838?
True
Is 4 a factor of 1516640?
True
Does 27 divide 293868?
True
Does 89 divide 3840109?
False
Is 207 a factor of 33644?
False
Does 3 divide 75893?
False
Is 1231101 a multiple of 111?
True
Is 979290 a multiple of 27?
True
Is 1160137 a multiple of 521?
False
Does 11 divide 129855?
True
Does 94 divide 20604658?
False
Is 3135321 a multiple of 1431?
True
Is 17 a factor of 284648?
True
Is 15 a factor of 6595080?
True
Is 274671 a multiple of 156?
False
Is 2776 a multiple of 3?
False
Is 2 a factor of 122021?
False
Is 23 a factor of 8589284?
False
Is 429377 a multiple of 34?
False
Does 406 divide 335614?
False
Is 407 a factor of 7766374?
True
Is 205388 a multiple of 446?
False
Is 414320 a multiple of 10?
True
Is 26 a factor of 1094350?
False
Does 13 divide 2868619?
True
Is 11928256 a multiple of 229?
False
Is 209 a factor of 186466?
False
Does 29 divide 114270?
False
Is 10420 a multiple of 20?
True
Is 530 a factor of 1594767?
False
Does 44 divide 498212?
True
Does 140 divide 1175580?
True
Is 5 a factor of 245387?
False
Is 643772 a multiple of 537?
False
Is 89283 a multiple of 5?
False
Is 18634 a multiple of 7?
True
Is 38 a factor of 7324690?
True
Is 16 a factor of 19097112?
False
Is 2317401 a multiple of 21?
False
Is 15 a factor of 12572340?
True
Is 11287943 a multiple of 49?
False
Is 29 a factor of 476157?
False
Is 2834440 a multiple of 77?
False
Is 53003 a multiple of 9?
False
Does 4 divide 810720?
True
Is 10 a factor of 2011135?
False
Is 7 a factor of 479411?
False
Does 542 divide 534297?
False
Is 20235 a multiple of 32?
False
Does 12 divide 223380?
True
Is 55 a factor of 1034273?
False
Does 793 divide 1123681?
True
Is 106 a factor of 549595?
False
Does 39 divide 1738230?
True
Is 736438 a multiple of 79?
True
Is 3024912 a multiple of 24?
True
Is 6121 a multiple of 16?
False
Does 51 divide 419475?
True
Does 14 divide 4705114?
False
Is 286355 a multiple of 11?
False
Is 28 a factor of 202368?
False
Does 33 divide 41415?
True
Is 233 a factor of 233466?
True
Is 11 a factor of 12002980?
True
Is 804425 a multiple of 575?
True
Does 171 divide 1126062?
False
Is 243152 a multiple of 52?
True
Is 14 a factor of 6272154?
True
Is 65 a factor of 676455?
True
Is 195196 a multiple of 6?
False
Is 3926860 a multiple of 35?
True
Does 43 divide 593863?
False
Is 299886 a multiple of 92?
False
Is 894450 a multiple of 201?
True
Is 21413 a multiple of 19?
True
Does 627 divide 2808960?
True
Is 22095 a multiple of 21?
False
Is 23 a factor of 53610?
False
Is 15 a factor of 13363?
False
Is 32 a factor of 1087243?
False
Does 83 divide 4525243?
True
Is 3393591 a multiple of 754?
False
Is 33191456 a multiple of 20?
False
Does 16 divide 4487004?
False
Is 6055980 a multiple of 15?
True
Does 3 divide 399238?
False
Does 32 divide 8803026?
False
Is 17811 a multiple of 6?
False
Is 174 a factor of 73128?
False
Does 4 divide 1463271?
False
Is 5 a factor of 2281470?
True
Does 485 divide 312007?
False
Is 22836527 a multiple of 14?
False
Does 716 divide 141823?
False
Is 115227 a multiple of 4?
False
Does 30 divide 700890?
True
Is 12 a factor of 310567?
False
Does 15 divide 289575?
True
Is 317 a factor of 251698?
True
Is 1309827 even?
False
Is 82 a factor of 99794?
True
Does 2 divide 836?
True
Does 3 divide 464703?
True
Does 13 divide 12498157?
False
Is 392270 a multiple of 10?
True
Is 52840 a multiple of 22?
False
Does 97 divide 308169?
True
Is 1678056 a multiple of 232?
True
Is 14 a factor of 2896754?
True
Does 32 divide 103206?
False
Is 96402 a multiple of 6?
True
Is 5485364 a multiple of 1130?
False
Does 111 divide 6364962?
True
Does 14 divide 972?
False
Is 462 a factor of 4093909?
False
Is 6 a factor of 864672?
True
Is 5065984 a multiple of 32?
True
Is 149732 a multiple of 4?
True
Does 83 divide 19030157?
True
Is 782603 a multiple of 282?
False
Is 170 a factor of 405110?
True
Does 2 divide 55590?
True
Is 238 a factor of 13238274?
True
Is 15 a factor of 277620?
True
Is 7 a factor of 1190097?
False
Does 312 divide 186023?
False
Is 741132 a multiple of 204?
True
Is 35 a factor of 246575?
True
Does 20 divide 195968?
False
Is 50 a factor of 39031?
False
Is 213 a factor of 106383?
False
Is 4048020 a multiple of 774?
True
Is 37464 a multiple of 168?
True
Is 93568 a multiple of 8?
True
Is 48762 a multiple of 378?
True
Is 132 a factor of 316217?
False
Does 142 divide 769647?
False
Does 15 divide 302220?
True
Is 82 a factor of 10222776?
True
Is 48 a factor of 1107072?
True
Is 2686456 a multiple of 15?
False
Is 1265024 a multiple of 7?
False
Is 249120 a multiple of 30?
True
Does 67 divide 13266?
True
Is 59229 a multiple of 135?
False
Is 807 a multiple of 2?
False
Is 179119 a multiple of 74?
False
Is 3921666 a multiple of 245?
False
Is 6343464 a multiple of 424?
True
Does 114 divide 395630?
False
Does 88 divide 227820?
False
Is 144 a factor of 97639?
False
Is 1723649 a multiple of 146?
False
Is 69235 a multiple of 384?
False
Is 102141 a multiple of 9?
True
Is 6 a factor of 21877?
False
Does 19 divide 630917?
False
Does 713 divide 6443381?
True
Is 23 a factor of 31957?
False
Is 1366425 a multiple of 75?
True
Is 154921 a multiple of 17?
True
Is 120759 a multiple of 44?
False
Is 67776 a multiple of 16?
True
Is 22 a factor of 119901?
False
Is 8 a factor of 35368?
True
Is 13 a factor of 120744?
True
Does 180 divide 36720?
True
Is 7145233 a multiple of 800?
False
Is 444592 a multiple of 33?
False
Is 2131550 a multiple of 958?
True
Is 656 a factor of 2379968?
True
Is 136 a factor of 1426624?
False
Is 121086 a multiple of 9?
True
Is 104366 a multiple of 234?
False
Is 36380 a multiple of 85?
True
Does 250 divide 9295750?
True
Does 247 divide 197847?
True
Is 12 a factor of 115523?
False
Is 122 a factor of 367114?
False
Is 318 a factor of 377784?
True
Does 88 divide 4875589?
False
Is 16 a factor of 1535040?
True
Is 177 a factor of 7829532?
False
Does 6 divide 7464?
True
Is 37 a factor of 2475744?
True
Is 124 a factor of 154999?
False
Is 5438208 a multiple of 97?
True
Is 3 a factor of 1549705?
False
Is 166320 a multiple of 180?
True
Does 529 divide 6103182?
False
Is 195844 a multiple of 242?
False
Is 314 a factor of 256801?
False
Is 17 a factor of 65793?
False
Is 677 a factor of 5234283?
False
Is 138 a factor of 1459684?
False
Is 9 a factor of 10442008?
False
Is 57 a factor of 529872?
True
Does 26 divide 61906?
True
Does 17 divide 61787?
False
Is 44306 a multiple of 8?
False
Is 91416 a multiple of 39?
True
Is 1044601 a multiple of 53?
False
Is 92 a factor of 293572?
True
Is 1777926 a multiple of 46?
False
Is 12 a factor of 203074?
False
Does 16 divide 7772?
False
Is 490 a factor of 5807194?
False
Is 11361526 a multiple of 186?
False
Is 290534 a multiple of 47?
False
Does 325 divide 227500?
True
Is 169050 a multiple of 23?
True
Is 2 a factor 